14. What is the units digit of u?
7
Suppose 3*i = -4*l - i + 868, -2*l - 3*i + 437 = 0. What is the units digit of l?
4
Let t(n) = -n**3 + 4*n**2 + 2*n - 2. What is the units digit of t(4)?
6
Let h = -12 - -13. What is the tens digit of (-1 + -1)*(h - 11)?
2
Let l(v) = -108*v + 4. What is the tens digit of l(-2)?
2
Suppose 3*p + 5*n = 73 + 3, -4*p = 2*n - 78. What is the tens digit of p?
1
Let y = 173 - 70. What is the hundreds digit of y?
1
Let i = 157 + -56. Suppose 0 = -2*q - 35 + i. What is the units digit of q?
3
Suppose 10*n - 5*n + 125 = 5*x, 0 = n - 4*x + 22. Let p be (n + -1)*(3 + -4). Suppose -2*c + 3*q + p = 0, 1 = -c + 5*q + 25. What is the units digit of c?
9
Let c(u) = -u + 3 + 2*u + 4*u + 0*u - u**2. What is the units digit of c(4)?
7
Let i = -17 + 36. What is the units digit of i?
9
Let i = -2 + 3. Suppose -2*u - 4 = -4*u. Suppose -i = w, 3 = -u*r - 4*w + 1. What is the units digit of r?
1
Let l be -22*(-1 + (-9)/6). Let r = 78 - l. What is the tens digit of r?
2
Let k be (2/(-6))/((-2)/24). Let n(x) = 6*x - x**2 - 4 - k*x + 6*x. What is the units digit of n(6)?
8
Let a be (8/(-10))/(8/(-20)). What is the tens digit of (a/(-6))/(2/(-102))?
1
Let a be (-3 - 1) + (-3)/1. What is the units digit of -1 + 1 - (a - 33)?
0
What is the units digit of (-9)/12 + 238/8?
9
What is the tens digit of (-72)/24*(-30 + -1)?
9
Let j = 20 - 1. Let q = j + 0. Let g = q - 10. What is the units digit of g?
9
Suppose 3*g + 2 = -16. What is the units digit of (-2)/g - (-411)/9?
6
Let a = -7 + 10. Suppose 5*o = -a + 53. What is the tens digit of o?
1
What is the tens digit of (-15)/2*(305/(-15) + 1)?
4
What is the units digit of 22*4/((-8)/(-3))?
3
Let j(i) = 18*i**2 + 2*i - 1. Let a be j(1). Suppose 2*y + a = 3*y. Suppose 0 = 4*t + 20, 2*b - 3*t - 18 = y. What is the units digit of b?
1
Let d(f) = -15*f**2 - 2*f. Suppose -8 = 2*b + 2*b. Let n be d(b). What is the units digit of (-2)/(-5) - n/10?
6
Let n be (-152)/(-40) - (-2)/10. Let m = 33 - -3. What is the units digit of n/(-18) + 44/m?
1
Suppose 6*x = 7*x - 2. Suppose 0 = -x*u + 14 + 68. What is the tens digit of u?
4
Suppose 4*t - 15 - 5 = 0. What is the units digit of t?
5
Let j(c) = -c + 7. Let i be -6 + 7 - 6/(-2). What is the units digit of j(i)?
3
Suppose r - 32 = -3*r. What is the units digit of r?
8
Suppose 0 = -3*c + 76 - 4. What is the tens digit of c?
2
Let v(h) be the second derivative of 8*h**2 - 1/12*h**4 + 1/6*h**3 + 0 - h. What is the units digit of v(0)?
6
Let x = 3 - 2. Let z = 0 + x. Let v = 3 - z. What is the units digit of v?
2
Let q(z) = z**3 - 5*z**2 - 2*z - 7. Suppose -2*v = -19 + 7. What is the tens digit of q(v)?
1
Suppose 2*t - 31 = -4*o + 297, -3*o - 2*t + 246 = 0. What is the tens digit of o?
8
Let k(l) = l + 2. Suppose -5*s + 24 = -2*s + 5*t, 4*s - 3*t = 3. What is the units digit of k(s)?
5
Let s(a) = -3*a**3 + 3*a**2 - 4*a + 2*a**3 - 2*a**2 + 4*a**2 + 5. What is the tens digit of s(3)?
1
Let s(l) = 4*l**2 + l + 1. Let v be (-2 - 0)/((-2)/(-1)). Let w be s(v). Suppose -5*x + 29 = -b, -w*x - 2*b = 3*b. What is the units digit of x?
5
Let p = -18 - -36. Let g be (-80)/6*p/(-8). What is the units digit of (-20)/3*g/(-25)?
8
Let n(o) = -o**3 - o**2 - 2*o + 22. What is the tens digit of n(0)?
2
Let d = -8 - -12. What is the units digit of d?
4
Let f(o) = -3*o - 1. Let l be (-3 + 0)/3 - 2. Let n be f(l). Let r = n + -5. What is the units digit of r?
3
Let p = -6 - -8. Suppose 0 = -3*o - p*o. Suppose -5*u + 35 + 10 = o. What is the units digit of u?
9
Let k = 42 + 25. What is the tens digit of k?
6
Suppose -5*w + 82 + 363 = 0. What is the units digit of w?
9
Suppose 9 = 5*b - 3*w, 1 = -3*w - 8. Suppose 4*p - 2 - 18 = b, -4*p = 4*j - 28. What is the units digit of j/((1 + 2)/6)?
4
Suppose 0 = -8*r + 10*r - 10. What is the units digit of r?
5
Suppose 0 - 28 = -4*w. Suppose 2*d = 3*d - w. What is the units digit of d?
7
What is the tens digit of -1 - (3 + 2/((-8)/716))?
7
Let o(s) = 2*s**2 + 11*s + 21. What is the tens digit of o(-14)?
5
Suppose -36 = 4*d - 7*d. Suppose 2*p - p - 2*q - d = 0, 5*p - q - 60 = 0. What is the tens digit of p?
1
What is the tens digit of (2 + 1)*(580/15 + 7)?
3
What is the hundreds digit of (118 - -3) + -5 + -3*1?
1
Let v = -6 + 6. Suppose -5*j = 2*q - 24, -j - 2*q + 5 + 3 = v. What is the units digit of j?
4
Let s = -6 + 17. What is the units digit of s?
1
Let n(o) = -o**3 - 12*o**2 - o - 12. Let a be n(-12). Suppose 0 = -3*i - 2*t - a*t + 69, -5*t = -15. What is the tens digit of i?
2
Let r = 88 + -37. What is the tens digit of r?
5
Suppose 2*h = h. What is the units digit of h + 0 - (-3 - -2)?
1
Let k = -12 + 14. Suppose -32 = -k*x - 4. What is the units digit of x?
4
What is the tens digit of (260/(-40))/(1/(-66))?
2
Let c be (-4 - -12) + 6/2. Suppose -p + 3 = -c. What is the units digit of p + -3 - 1/(-1)?
2
Let a = 343 + -222. What is the hundreds digit of a?
1
Let n = 49 - 14. Suppose 5*s - n = 5*b, 2*s - 23 = 4*b + b. What is the units digit of s?
4
Suppose 0 = -2*z - 4*u - 10, -4*z - 60 = -z - 3*u. What is the tens digit of (-10)/z - (-80)/6?
1
Let c be (4/(-4))/(2/(-32)). Suppose -4*x = -2*h - 8, 5*x - 1 = h - 0*x. What is the units digit of ((-3)/1)/(h/c)?
8
What is the units digit of (4/1)/(5/10)?
8
Suppose 0 = d - 5*v + 28, -12 = -3*v - 3. Let q = 115 + -122. Let z = q - d. What is the units digit of z?
6
Let c = 4 + -8. What is the units digit of c/6 + (-85)/(-15)?
5
Let z(u) = u**2 - 7*u + 3. Let o be z(7). Suppose -o*i = 3*w - 24, 0 = -3*w - 2*i - 2 + 29. What is the tens digit of w?
1
Let v(k) = k**3 + 5*k**2 - 7. Let j be v(-5). Let c = -2 - j. Suppose -33 = -c*y + 27. What is the tens digit of y?
1
Let k(r) = 1 + r**2 + 10 - 3*r + 12*r. What is the units digit of k(-9)?
1
Let f(k) = -k**2 - 23*k + 8. What is the tens digit of f(-14)?
3
Let p(l) = l**2 - 2*l + 1. What is the tens digit of p(5)?
1
Let g(b) = -b**3 - 10*b**2 - 2*b - 14. Let i be g(-10). Let v be (-2)/4 + 3/i. Suppose 4*y - y - 15 = v. What is the units digit of y?
5
Suppose 4*j + 29 = 5*y, -3*j = -6*y + 2*y + 21. Let l be 0 + 6/3 + j. Let g = l + 20. What is the units digit of g?
1
Suppose -5*j = 2 + 3. Suppose 0 = -4*x + 3*m - 6*m - 55, -5*x - 2*m - 60 = 0. Let p = j - x. What is the units digit of p?
9
Let c be (-2)/6 + 1/3. Suppose 19 = n - i, c*i + 2 = -i. What is the units digit of n?
7
Suppose 0*t - 3*t + 435 = -3*x, -t + 145 = 2*x. What is the hundreds digit of t?
1
Let p = -156 + 267. What is the units digit of p?
1
Suppose 3*m = -0*m - 2*o - 4, -5*o - 10 = 3*m. Suppose m = 2*u - 4*u + 66. What is the units digit of u?
3
Let o(w) = 53*w**2 - w + 2. What is the units digit of o(2)?
2
Suppose -4*j + j + 6 = 0, 102 = 4*z - j. What is the units digit of z?
6
Suppose -i = -0 - 3, 0 = -5*t - 4*i + 37. Suppose -3*n + a = -4*n, 3*n - t*a = 24. What is the units digit of n?
3
Let r(w) = -w - 1. What is the units digit of r(-11)?
0
Let g = 211 + -141. What is the units digit of g?
0
Let i be ((-32)/(-20))/(1/5). Let v = 0 - i. Let d = v - -15. What is the units digit of d?
7
Let h(r) = 6*r**3 - 2*r + 1. Let x be h(1). Suppose o + 4*o = 15. Suppose 2*s - x = -o*s. What is the units digit of s?
1
Suppose 5*d - d + 12 = 0. Let s = 14 + d. What is the tens digit of s?
1
Let z(g) = 6*g - 5. Let u be z(2). Suppose -3*r + 29 = 2*t, 2*t + 3 = -u. What is the units digit of r?
3
Let q(v) = -v + 38. What is the tens digit of q(0)?
3
Let j = 70 + -49. What is the tens digit of (j/(-4))/(6/(-16))?
1
Suppose -4*p = 16 + 28. Let m = p + 42. What is the units digit of m?
1
Suppose 42 = k - 3*b, -k + 66 = -0*b + 5*b. What is the tens digit of k?
5
Let u be -1*(1 - 0)*-3. Suppose 3*g - 16 = -t + 2*g, -u*t = 5*g - 56. Suppose 3*v = 7*v - t. What is the units digit of v?
3
Suppose 3*l - l - 88 = 0. What is the units digit of l?
4
Let i(f) = -2*f - 4. Let q be i(-4). Suppose -u + 4*x = q*u - 10, 2*x - 10 = 0. What is the units digit of u?
6
Let w be (0/1)/(-5 - -7). What is the units digit of (w - 1)/(-1 + 0)?
1
Let f(j) = 7 - 5*j - j**2 + 0*j**2 + 2*j**2. Let q = -6 + 11. What is the units digit of f(q)?
7
Let f(y) = y**3 - 9*y**2 + 11*y + 2. Suppose -9 - 31 = -5*h. Let v be f(h). Let r = v + -12. What is the units digit of r?
4
Let r(h) = -h**2 + 0*h - 3 + 8*h + 2*h**2. What is the